.
3491
Calculate the remainder when 295877 is divided by 3562.
231
Calculate the remainder when 1253582 is divided by 2668.
2290
Calculate the remainder when 82122570 is divided by 45.
0
What is the remainder when 2889864 is divided by 115594?
14
Calculate the remainder when 84786799 is divided by 333.
4
What is the remainder when 787123 is divided by 71555?
18
Calculate the remainder when 21947931 is divided by 1895.
41
Calculate the remainder when 8089577 is divided by 54.
53
Calculate the remainder when 8645678 is divided by 8645646.
32
What is the remainder when 5997658 is divided by 12?
10
Calculate the remainder when 355591 is divided by 192.
7
Calculate the remainder when 50024 is divided by 12148.
1432
What is the remainder when 153449203 is divided by 986?
981
What is the remainder when 560022 is divided by 3094?
8
Calculate the remainder when 16220273 is divided by 5862.
119
What is the remainder when 134743 is divided by 70?
63
Calculate the remainder when 3428142 is divided by 393.
3
What is the remainder when 49182568 is divided by 1069?
16
Calculate the remainder when 53162 is divided by 2123.
87
Calculate the remainder when 3480672 is divided by 7.
6
What is the remainder when 23269738 is divided by 7756573?
19
What is the remainder when 2413398 is divided by 14451?
81
Calculate the remainder when 178507 is divided by 901.
109
Calculate the remainder when 639626 is divided by 881.
20
Calculate the remainder when 2172902 is divided by 21507.
695
Calculate the remainder when 10970334 is divided by 60.
54
Calculate the remainder when 2568278 is divided by 728.
622
Calculate the remainder when 1369738 is divided by 1484.
6
Calculate the remainder when 1276410 is divided by 638189.
32
What is the remainder when 319776 is divided by 106525?
201
Calculate the remainder when 501424391 is divided by 10392.
10391
Calculate the remainder when 3433438 is divided by 690.
688
What is the remainder when 1455354 is divided by 3751?
3717
What is the remainder when 6121786 is divided by 9874?
9780
Calculate the remainder when 11096874 is divided by 125.
124
What is the remainder when 3378402 is divided by 268?
262
What is the remainder when 1240388 is divided by 1403?
136
Calculate the remainder when 44413 is divided by 44323.
90
Calculate the remainder when 235725 is divided by 2157.
612
What is the remainder when 155733 is divided by 38923?
41
What is the remainder when 15953 is divided by 38?
31
Calculate the remainder when 102840 is divided by 20224.
1720
Calculate the remainder when 7522460 is divided by 1524.
1520
Calculate the remainder when 8106519 is divided by 1094.
1073
What is the remainder when 14457 is divided by 3353?
1045
What is the remainder when 14306572 is divided by 1021893?
70
What is the remainder when 392556 is divided by 195013?
2530
Calculate the remainder when 14458263 is divided by 7229114.
35
Calculate the remainder when 8378850 is divided by 281.
273
Calculate the remainder when 1395621 is divided by 188.
97
What is the remainder when 614105 is divided by 1574?
245
Calculate the remainder when 115489502 is divided by 39.
11
What is the remainder when 349643 is divided by 59?
9
Calculate the remainder when 361435 is divided by 319.
8
Calculate the remainder when 351603 is divided by 117060.
423
What is the remainder when 297957 is divided by 512?
485
What is the remainder when 1702706 is divided by 24?
2
Calculate the remainder when 19230213 is divided by 31.
14
Calculate the remainder when 91215 is divided by 10082.
477
Calculate the remainder when 2977552 is divided by 759.
754
Calculate the remainder when 582835 is divided by 582766.
69
What is the remainder when 247189834 is divided by 29?
11
What is the remainder when 1074665 is divided by 1588?
1177
Calculate the remainder when 30542 is divided by 6757.
3514
Calculate the remainder when 7284587 is divided by 27698.
13
What is the remainder when 2160057 is divided by 10141?
24
Calculate the remainder when 676091 is divided by 32187.
164
What is the remainder when 2904997 is divided by 17932?
13
Calculate the remainder when 414501 is divided by 3728.
693
Calculate the remainder when 723922 is divided by 7343.
4308
What is the remainder when 80078 is divided by 1335?
1313
What is the remainder when 206717 is divided by 41301?
212
Calculate the remainder when 44271056 is divided by 170.
166
Calculate the remainder when 33225 is divided by 1890.
1095
What is the remainder when 69481 is divided by 650?
581
What is the remainder when 49318759 is divided by 34?
25
Calculate the remainder when 18496239 is divided by 979.
971
Calculate the remainder when 121501 is divided by 24289.
56
Calculate the remainder when 53726 is divided by 5943.
239
Calculate the remainder when 17663613 is divided by 1076.
1073
What is the remainder when 34028429 is divided by 5177?
8
Calculate the remainder when 1299583 is divided by 338.
311
Calculate the remainder when 111810454 is divided by 1574795.
9
What is the remainder when 46397083 is divided by 72?
67
What is the remainder when 778995 is divided by 2028?
243
What is the remainder when 29177224 is divided by 860?
4
Calculate the remainder when 1625069 is divided by 64999.
94
Calculate the remainder when 130400572 is divided by 1715797.
0
Calculate the remainder when 164233 is divided by 2450.
83
What is the remainder when 12263523 is divided by 4087830?
33
What is the remainder when 46968 is divided by 7814?
84
Calculate the remainder when 3684083 is divided by 17.
13
What is the remainder when 332756 is divided by 17511?
47
What is the remainder when 98092 is divided by 3944?
3436
Calculate the remainder when 181360 is divided by 10005.
1270
What is the remainder when 513650288 is divided by 833?
830
What is the remainder when 10206 is divided by 2300?
1006
Calculate the remainder when 12177 is divided by 1508.
113
What is the remainder when 2641479 is divided by 286?
269
What is the remainder when 230844182 is divided by 160755?
2
What is the remainder when 79289 is divided by 3672?
2177
What is the remainder when 41278 is divided by 392?
118
Calculate the remainder when 107704 is divided by 135.
109
What is the remainder when 9897488 is divided by 303?
296
What is the remainder when 116614 is divided by 22344?
4894
What is the remainder when 1495894 is divided by 747939?
16
Calculate the remainder when 80088 is divided by 19537.
1940
Calculate the remainder when 41885452 is divided by 1692.
1684
Calculate the remainder when 74487 is divided by 949.
465
What is the remainder when 19335548 is divided by 2713?
2710
Calculate the remainder when 15160151 is divided by 7580074.
3
Calculate the remainder when 12061526 is divided by 1690.
1686
Calculate the remainder when 19209187 is divided by 4802289.
31
Calculate the remainder when 2752592 is divided by 550515.
17
Calculate the remainder when 1977855 is divided by 11302.
5
Calculate the remainder when 73167 is divided by 305.
272
Calculate the remainder when 4273313 is divided by 474811.
14
Calculate the remainder when 77750765 is divided by 77750765.
0
What is the remainder when 3966513 is divided by 638?
67
What is the remainder when 21273893 is divided by 299632?
21
What is the remainder when 70077 is divided by 271?
159
Calculate the remainder when 28393 is divided by 5350.
1643
What is the remainder when 825656 is divided by 11268?
3092
Calculate the remainder when 1756138 is divided by 585364.
46
Calculate the remainder when 156285 is divided by 211.
145
What is the remainder when 17849626 is divided by 1526?
4
What is the remainder when 74153503 is divided by 2607?
2602
What is the remainder when 11013710 is divided by 3777?
3755
Calculate the remainder when 456095 is divided by 64.
31
Calculate the remainder when 14907159 is divided by 3726787.
11
What is the remainder when 7576 is divided by 3592?
392
Calculate the remainder when 50360 is divided by 733.
516
Calculate the remainder when 815989 is divided by 56.
13
Calculate the remainder when 2416541 is divided by 61.
26
What is the remainder when 54794 is divided by 4027?
2443
Calculate the remainder when 12601835 is divided by 277.
274
What is the remainder when 79582320 is divided by 2549?
2540
What is the remainder when